{"id":157,"date":"2020-08-27T16:15:43","date_gmt":"2020-08-27T14:15:43","guid":{"rendered":"https:\/\/celineclement.archi\/?page_id=157"},"modified":"2025-10-10T16:55:30","modified_gmt":"2025-10-10T14:55:30","slug":"a-propos","status":"publish","type":"page","link":"https:\/\/celineclement.archi\/index.php\/a-propos\/","title":{"rendered":"L&rsquo;atelier"},"content":{"rendered":"<section class=\"av_textblock_section \"  itemscope=\"itemscope\" itemtype=\"https:\/\/schema.org\/CreativeWork\" ><div class='avia_textblock  '   itemprop=\"text\" ><h5 style=\"text-align: center;\"><b><img loading=\"lazy\" decoding=\"async\" class=\"wp-image-281 aligncenter\" src=\"https:\/\/celineclement.archi\/wp-content\/uploads\/2025\/07\/portraitrond-232x300.png\" alt=\"portrait rond\" width=\"355\" height=\"459\" srcset=\"https:\/\/celineclement.archi\/wp-content\/uploads\/2025\/07\/portraitrond-232x300.png 232w, https:\/\/celineclement.archi\/wp-content\/uploads\/2025\/07\/portraitrond-797x1030.png 797w, https:\/\/celineclement.archi\/wp-content\/uploads\/2025\/07\/portraitrond-768x993.png 768w, https:\/\/celineclement.archi\/wp-content\/uploads\/2025\/07\/portraitrond-1160x1500.png 1160w, https:\/\/celineclement.archi\/wp-content\/uploads\/2025\/07\/portraitrond-545x705.png 545w, https:\/\/celineclement.archi\/wp-content\/uploads\/2025\/07\/portraitrond-450x582.png 450w, https:\/\/celineclement.archi\/wp-content\/uploads\/2025\/07\/portraitrond.png 1164w\" sizes=\"auto, (max-width: 355px) 100vw, 355px\" \/><\/b><\/h5>\n<h3>Une pratique ancr\u00e9e et attentive<\/h3>\n<p data-start=\"401\" data-end=\"637\">Bas\u00e9 \u00e0 Saint-Nazaire, l\u2019atelier d\u00e9veloppe une architecture contextuelle et mesur\u00e9e, attentive aux lieux, aux usages et aux personnes.<br data-start=\"534\" data-end=\"537\" \/>Chaque projet na\u00eet d\u2019une \u00e9coute, celle du site, de l\u2019existant, des besoins et des rythmes de vie.<\/p>\n<p data-start=\"639\" data-end=\"952\">L\u2019architecture s\u2019y construit comme une mise en relation : entre m\u00e9moire et transformation, entre mati\u00e8re et lumi\u00e8re, entre ce qui est d\u00e9j\u00e0 l\u00e0 et ce qui peut advenir.<br data-start=\"804\" data-end=\"807\" \/>Les projets privil\u00e9gient les solutions simples, les fili\u00e8res locales, la transformation du b\u00e2ti et la r\u00e9utilisation des ressources disponibles.<\/p>\n<p data-start=\"954\" data-end=\"1013\">Cette approche s\u2019inscrit dans une recherche d\u2019\u00e9quilibre : faire juste plut\u00f4t que grand, construire avec ce qui existe, concevoir des espaces ouverts, capables d\u2019\u00e9voluer.<\/p>\n<p data-start=\"1139\" data-end=\"1401\">L\u2019atelier intervient sur des \u00e9quipements publics, des lieux culturels, des b\u00e2timents industriels ou des transformations du b\u00e2ti existant.<br data-start=\"1276\" data-end=\"1279\" \/>\u00c0 chaque \u00e9chelle, de l\u2019\u00e9tude de faisabilit\u00e9 \u00e0 la r\u00e9alisation, la d\u00e9marche reste la m\u00eame : observer, comprendre, ajuster.<\/p>\n<h5><\/h5>\n<h5><\/h5>\n<h3 style=\"text-align: left;\"><b>Formations<\/b><\/h3>\n<ul>\n<li><span style=\"font-weight: 400;\">La gestion de l&rsquo;eau de pluie, <em>GEP ATLANTIQUE<\/em><\/span><\/li>\n<li><span style=\"font-weight: 400;\">La r\u00e9novation en copropri\u00e9t\u00e9, <em>ASDER<\/em><\/span><\/li>\n<li><span style=\"font-weight: 400;\">Le r\u00e9emploi dans la construction, <em>CD2E + Bellastock<\/em><\/span><\/li>\n<li><span style=\"font-weight: 400;\">L&rsquo;initiation \u00e0 la construction en terre crue, <em>MFR de Riaill\u00e9<\/em><\/span><\/li>\n<li><span style=\"font-weight: 400;\">La gestion et conduite de chantier, <em>GEP ATLANTIQUE<\/em> <em>et agence Ekum<\/em><\/span><\/li>\n<li><span style=\"font-weight: 400;\">Concevoir un permis d&rsquo;am\u00e9nager, <em>GEP ATLANTIQUE<\/em><\/span><\/li>\n<li><span style=\"font-weight: 400;\">L&rsquo;acoustique du b\u00e2timent, <em>GEP ATLANTIQUE et OUEST ACOUSTIQUE<\/em><\/span><\/li>\n<li><span style=\"font-weight: 400;\">Le r\u00e9emploi, mati\u00e8re \u00e0 b\u00e2tir, <em>ICEB<\/em><\/span><\/li>\n<li>B\u00e2timent Passif et Bas Carbone &#8211; L&rsquo;approche globale par le BIM, <em>la maison passive<\/em><\/li>\n<li><span style=\"font-weight: 400;\">Construire en terre crue aujourd\u2019hui, <em>am\u00e0co<\/em><\/span><\/li>\n<li><span style=\"font-weight: 400;\">D.S.A. Architecture et Projet Urbain (1\/2), <\/span><em><span style=\"font-weight: 400;\">Ecole Nationale Sup\u00e9rieure d\u2019Architecture de Paris-Belleville\u00a0<\/span><\/em><\/li>\n<li><span style=\"font-weight: 400;\">Architecte DPLG &#8211; <\/span><span style=\"font-weight: 400;\">TPFE mention Tr\u00e8s Bien \u00abQuai Banchine, un playground urbain. Paris et Rome\u00bb , <\/span><em><span style=\"font-weight: 400;\">Ecole Nationale Sup\u00e9rieure d\u2019Architecture de Bretagne<\/span><\/em><\/li>\n<li><span style=\"font-weight: 400;\">\u00c9changes Erasmus, <em>Polytechnic School of Warsaw (Pl)<\/em><\/span><\/li>\n<\/ul>\n<h3 style=\"text-align: left;\"><b>Enseignement<\/b><\/h3>\n<ul>\n<li style=\"text-align: left;\"><span style=\"font-weight: 400;\">Charg\u00e9e d\u2019enseignement vacataire, \u00c9cole PIVAUT \u00e0 Nantes<\/span><br \/>\n<em><span style=\"font-weight: 400;\">2\u00e8me et 3\u00e8me ann\u00e9e Design Architecture d\u2019Int\u00e9rieur, 2016-17<\/span><\/em><\/li>\n<li style=\"text-align: left;\"><span style=\"font-weight: 400;\">Participation \u00e0 la Journ\u00e9e Nationale de l\u2019Architecture dans les Classes<\/span><span style=\"font-weight: 400;\">\u00a0<\/span><\/li>\n<\/ul>\n<p><!-- Google tag (gtag.js) --><br \/>\n<script async src=\"https:\/\/www.googletagmanager.com\/gtag\/js?id=G-4QENSLFJ3H\"><\/script><br \/>\n<script>\n  window.dataLayer = window.dataLayer || [];\n  function gtag(){dataLayer.push(arguments);}\n  gtag('js', new Date());<\/p>\n<p>  gtag('config', 'G-4QENSLFJ3H');\n<\/script><\/p>\n<\/div><\/section>\n","protected":false},"excerpt":{"rendered":"","protected":false},"author":1,"featured_media":0,"parent":0,"menu_order":0,"comment_status":"closed","ping_status":"closed","template":"","meta":{"footnotes":""},"class_list":["post-157","page","type-page","status-publish","hentry"],"jetpack_sharing_enabled":true,"_links":{"self":[{"href":"https:\/\/celineclement.archi\/index.php\/wp-json\/wp\/v2\/pages\/157","targetHints":{"allow":["GET"]}}],"collection":[{"href":"https:\/\/celineclement.archi\/index.php\/wp-json\/wp\/v2\/pages"}],"about":[{"href":"https:\/\/celineclement.archi\/index.php\/wp-json\/wp\/v2\/types\/page"}],"author":[{"embeddable":true,"href":"https:\/\/celineclement.archi\/index.php\/wp-json\/wp\/v2\/users\/1"}],"replies":[{"embeddable":true,"href":"https:\/\/celineclement.archi\/index.php\/wp-json\/wp\/v2\/comments?post=157"}],"version-history":[{"count":19,"href":"https:\/\/celineclement.archi\/index.php\/wp-json\/wp\/v2\/pages\/157\/revisions"}],"predecessor-version":[{"id":295,"href":"https:\/\/celineclement.archi\/index.php\/wp-json\/wp\/v2\/pages\/157\/revisions\/295"}],"wp:attachment":[{"href":"https:\/\/celineclement.archi\/index.php\/wp-json\/wp\/v2\/media?parent=157"}],"curies":[{"name":"wp","href":"https:\/\/api.w.org\/{rel}","templated":true}]}}